ate the remainder when 220 is divided by 48.
28
What is the remainder when 449 is divided by 46?
35
What is the remainder when 187 is divided by 36?
7
Calculate the remainder when 308 is divided by 13.
9
Calculate the remainder when 63 is divided by 51.
12
Calculate the remainder when 16 is divided by 3.
1
What is the remainder when 426 is divided by 119?
69
Calculate the remainder when 918 is divided by 111.
30
Calculate the remainder when 423 is divided by 149.
125
What is the remainder when 153 is divided by 79?
74
What is the remainder when 397 is divided by 191?
15
What is the remainder when 252 is divided by 68?
48
What is the remainder when 4572 is divided by 79?
69
Calculate the remainder when 551 is divided by 55.
1
Calculate the remainder when 459 is divided by 98.
67
What is the remainder when 588 is divided by 31?
30
What is the remainder when 119 is divided by 16?
7
Calculate the remainder when 15647 is divided by 76.
67
Calculate the remainder when 760 is divided by 45.
40
What is the remainder when 58 is divided by 5?
3
What is the remainder when 81 is divided by 29?
23
What is the remainder when 608 is divided by 14?
6
What is the remainder when 157 is divided by 69?
19
Calculate the remainder when 1992 is divided by 95.
92
Calculate the remainder when 593 is divided by 168.
89
What is the remainder when 1233 is divided by 22?
1
What is the remainder when 877 is divided by 49?
44
Calculate the remainder when 2617 is divided by 240.
217
Calculate the remainder when 1272 is divided by 98.
96
Calculate the remainder when 243 is divided by 39.
9
Calculate the remainder when 207 is divided by 4.
3
What is the remainder when 33044 is divided by 82?
80
Calculate the remainder when 27 is divided by 18.
9
What is the remainder when 257 is divided by 3?
2
Calculate the remainder when 203 is divided by 106.
97
What is the remainder when 238 is divided by 12?
10
What is the remainder when 69730 is divided by 149?
147
What is the remainder when 635 is divided by 49?
47
Calculate the remainder when 98 is divided by 5.
3
What is the remainder when 5966 is divided by 30?
26
Calculate the remainder when 196 is divided by 70.
56
Calculate the remainder when 3185 is divided by 48.
17
What is the remainder when 1231 is divided by 137?
135
What is the remainder when 34 is divided by 19?
15
Calculate the remainder when 674 is divided by 45.
44
Calculate the remainder when 184 is divided by 46.
0
Calculate the remainder when 301 is divided by 61.
57
What is the remainder when 35 is divided by 6?
5
What is the remainder when 251 is divided by 52?
43
What is the remainder when 283 is divided by 138?
7
What is the remainder when 17 is divided by 12?
5
Calculate the remainder when 134 is divided by 9.
8
What is the remainder when 13073 is divided by 28?
25
Calculate the remainder when 392 is divided by 66.
62
Calculate the remainder when 186 is divided by 28.
18
Calculate the remainder when 1097 is divided by 20.
17
Calculate the remainder when 2097 is divided by 24.
9
Calculate the remainder when 78 is divided by 28.
22
Calculate the remainder when 22 is divided by 6.
4
Calculate the remainder when 2920 is divided by 13.
8
What is the remainder when 2937 is divided by 84?
81
Calculate the remainder when 67 is divided by 18.
13
What is the remainder when 216 is divided by 109?
107
What is the remainder when 365 is divided by 179?
7
Calculate the remainder when 2138 is divided by 17.
13
What is the remainder when 322 is divided by 54?
52
Calculate the remainder when 42 is divided by 11.
9
What is the remainder when 40 is divided by 10?
0
What is the remainder when 109 is divided by 46?
17
What is the remainder when 19 is divided by 11?
8
What is the remainder when 71 is divided by 8?
7
Calculate the remainder when 1275 is divided by 252.
15
Calculate the remainder when 271 is divided by 35.
26
Calculate the remainder when 110 is divided by 7.
5
Calculate the remainder when 647 is divided by 317.
13
Calculate the remainder when 179 is divided by 30.
29
What is the remainder when 1548 is divided by 47?
44
What is the remainder when 307 is divided by 86?
49
What is the remainder when 69 is divided by 14?
13
Calculate the remainder when 23 is divided by 14.
9
What is the remainder when 594 is divided by 75?
69
What is the remainder when 913 is divided by 131?
127
What is the remainder when 60 is divided by 51?
9
What is the remainder when 353 is divided by 162?
29
What is the remainder when 234 is divided by 118?
116
Calculate the remainder when 193 is divided by 25.
18
What is the remainder when 141 is divided by 25?
16
Calculate the remainder when 838 is divided by 103.
14
Calculate the remainder when 33280 is divided by 129.
127
What is the remainder when 203 is divided by 103?
100
What is the remainder when 82 is divided by 11?
5
Calculate the remainder when 227 is divided by 216.
11
What is the remainder when 499 is divided by 20?
19
Calculate the remainder when 248 is divided by 32.
24
What is the remainder when 827 is divided by 23?
22
What is the remainder when 546 is divided by 4?
2
What is the remainder when 659 is divided by 121?
54
Calculate the remainder when 3902 is divided by 61.
59
Calculate the remainder when 240 is divided by 164.
76
What is the remainder when 1202 is divided by 28?
26
Calculate the remainder when 3817 is divided by 23.
22
Calculate the remainder when 875 is divided by 78.
17
What is the remainder when 71 is divided by 61?
10
What is the remainder when 892 is divided by 128?
124
Calculate the remainder when 240 is divided by 25.
15
What is the remainder when 270 is divided by 93?
84
What is the remainder when 336 is divided by 34?
30
What is the remainder when 134 is divided by 43?
5
What is the remainder when 621 is divided by 12?
9
What is the remainder when 1098 is divided by 7?
6
Calculate the remainder when 38 is divided by 16.
6
Calculate the remainder when 58 is divided by 56.
2
What is the remainder when 2955 is divided by 6?
3
Calculate the remainder when 146 is divided by 12.
2
What is the remainder when 1144 is divided by 96?
88
What is the remainder when 106 is divided by 54?
52
What is the remainder when 3705 is divided by 26?
13
What is the remainder when 671 is divided by 43?
26
Calculate the remainder when 252 is divided by 109.
34
Calculate the remainder when 118 is divided by 42.
34
Calculate the remainder when 111 is divided by 44.
23
Calculate the remainder when 247 is divided by 78.
13
What is the remainder when 6148 is divided by 123?
121
What is the remainder when 238 is divided by 94?
50
What is the remainder when 976 is divided by 473?
30
What is the remainder when 1900 is divided by 34?
30
Calculate the remainder when 789 is divided by 11.
8
What is the remainder when 186 is divided by 75?
36
Calculate the remainder when 413 is divided by 18.
17
What is the remainder when 1192 is divided by 587?
18
What is the remainder when 439 is divided by 122?
73
What is the remainder when 1603 is divided by 19?
7
Calculate the remainder when 128 is divided by 33.
29
What is the remainder when 39 is divided by 10?
9
What is the remainder when 1155 is divided by 6?
3
Calculate the remainder when 1427 is divided by 21.
20
Calculate the remainder when 1589 is divided by 267.
254
What is the remainder when 6250 is divided by 16?
10
What is the remainder when 209 is divided by 80?
49
Calculate the remainder when 155 is divided by 52.
51
What is the remainder when 150 is divided by 74?
2
What is the remainder when 3892 is divided by 170?
152
What is the remainder when 534 is divided by 149?
87
What is the remainder when 137 is divided by 87?
50
Calculate the remainder when 189 is divided by 32.
29
Calculate the remainder when 1011 is divided by 105.
66
What is the remainder when 741 is divided by 148?
1
Calculate the remainder when 6828 is divided by 27.
24
What is the remainder when 156 is divided by 59?
38
What is the remainder when 1034 is divided by 161?
68
What is the remainder when 779 is divided by 131?
124
Calculate the remainder when 1528 is divided by 391.
355
Calculate the remainder when 82 is divided by 51.
31
What is the remainder when 39 is divided by 22?
17
What is the remainder when 109 is divided